
{"id":278,"date":"2022-02-22T00:11:08","date_gmt":"2022-02-22T00:11:08","guid":{"rendered":"https:\/\/tetracore-it.com\/?page_id=278"},"modified":"2022-02-22T00:14:12","modified_gmt":"2022-02-22T00:14:12","slug":"ingenieur-systeme-devops","status":"publish","type":"page","link":"https:\/\/tetracore-it.com\/index.php\/ingenieur-systeme-devops\/","title":{"rendered":"Ing\u00e9nieur Syst\u00e8me \/ Devops"},"content":{"rendered":"\n<p><strong>Tetracore-IT France<\/strong>&nbsp;recherche un&nbsp;Ing\u00e9nieur Syst\u00e8me \/ DevOps pour un de ses clients.<\/p>\n\n\n\n<p><strong>Ta mission&nbsp;<\/strong><\/p>\n\n\n\n<p>Proposer, tester et mettre en \u0153uvre des architectures techniques&nbsp;et logicielles en \u00e9troite collaboration avec les \u00e9quipes de d\u00e9veloppement ;<\/p>\n\n\n\n<p>Etre force de proposition afin d&#8217;am\u00e9liorer la qualit\u00e9 op\u00e9rationnelle, les performances et la disponibilit\u00e9 des infrastructures (scalabilit\u00e9, cloud, s\u00e9curit\u00e9, \u2026)&nbsp;;<\/p>\n\n\n\n<p>Mettre en place ou contribuer au d\u00e9veloppement des outils de demain qui accompagnent la transformation du m\u00e9tier d\u2019administrateur syst\u00e8me (automatisation, industrialisation, \u2026)<\/p>\n\n\n\n<p>Maintenir et faire \u00e9voluer les plateformes en production vers les derni\u00e8res technologies (Capacity planning, gestion de l\u2019obsolescence, \u2026)<\/p>\n\n\n\n<p>Ce poste te permettra non seulement de monter en expertise sur des produits phares du march\u00e9 mais aussi d\u2019int\u00e9grer une \u00e9quipe syst\u00e8me et donc de d\u00e9couvrir les diff\u00e9rentes facettes de ce m\u00e9tier.<\/p>\n\n\n\n<p><strong>Ton futur (toutes ces comp\u00e9tences ne sont pas exig\u00e9es pour le poste) environnement technique:<\/strong><\/p>\n\n\n\n<p>Syst\u00e8mes : Linux Red Hat, CentOS, Windows Server<\/p>\n\n\n\n<p>Web : Apache, Tomcat, Nginx, &#8230;<\/p>\n\n\n\n<p>Scripting : Bash, Python, Ruby, &#8230;<\/p>\n\n\n\n<p>Load Balancing : LVS, Haproxy, &#8230;<\/p>\n\n\n\n<p>Infrastructure as a Code : Ansible, Puppet, Terraform, Git, Gitlab CI\/CD<\/p>\n\n\n\n<p>Conteneurs : Docker, openshift<\/p>\n\n\n\n<p>Cloud : AWS, GCP, Azure, solutions vmware<\/p>\n\n\n\n<p>NoSql : HBase, MongoDB, Cassandra, Redis<\/p>\n\n\n\n<p><strong>Ton profil<\/strong><\/p>\n\n\n\n<p>Tu es exp\u00e9riment\u00e9 H\/F et tu as un dipl\u00f4me d\u2019une \u00e9cole d\u2019ing\u00e9nieur ou un Master d\u2019universit\u00e9 orient\u00e9 IT<\/p>\n\n\n\n<p>Tu as une culture syst\u00e8mes et r\u00e9seaux et au minimum des connaissances sur l\u2019OS Linux et les serveurs webs les plus courants, une app\u00e9tence pour le d\u00e9veloppement<\/p>\n\n\n\n<p>You speak english fluenty or almost<\/p>\n\n\n\n<p>Dot\u00e9(e) d\u2019un excellent relationnel, tu adores le travail en \u00e9quipe. Audace, confiance, honn\u00eatet\u00e9, respect, solidarit\u00e9, libert\u00e9, simplicit\u00e9 font partie de tes valeurs<\/p>\n\n\n\n<p>Cr\u00e9atif(ve) et innovant(e), tu es toujours pr\u00eat(e) \u00e0 refaire le monde\u00a0!<\/p>\n\n\n\n<p><strong>Postule et rejoins l\u2019\u00e9quipe !<\/strong><\/p>\n\n\n\n<div class=\"forminator-guttenberg\"><div class=\"forminator-ui forminator-custom-form forminator-custom-form-56 forminator-design--default  forminator_ajax\" data-forminator-render=\"0\" data-form=\"forminator-module-56\" data-uid=\"69dccc5ad7d72\"><br\/><\/div><form\n\t\t\t\tid=\"forminator-module-56\"\n\t\t\t\tclass=\"forminator-ui forminator-custom-form forminator-custom-form-56 forminator-design--default  forminator_ajax\"\n\t\t\t\tmethod=\"post\"\n\t\t\t\tdata-forminator-render=\"0\"\n\t\t\t\tdata-form-id=\"56\"\n\t\t\t\tenctype=\"multipart\/form-data\" data-color-option=\"default\" data-design=\"default\" data-grid=\"open\" style=\"display: none;\"\n\t\t\t\tdata-uid=\"69dccc5ad7d72\"\n\t\t\t><div role=\"alert\" aria-live=\"polite\" class=\"forminator-response-message forminator-error\" aria-hidden=\"true\"><\/div><div class=\"forminator-row\"><div id=\"name-1\" class=\"forminator-field-name forminator-col forminator-col-12 \"><div class=\"forminator-field\"><label for=\"forminator-field-name-1_69dccc5ad7d72\" id=\"forminator-field-name-1_69dccc5ad7d72-label\" class=\"forminator-label\">First Name <span class=\"forminator-required\">*<\/span><\/label><input type=\"text\" name=\"name-1\" value=\"\" placeholder=\"E.g. John\" id=\"forminator-field-name-1_69dccc5ad7d72\" class=\"forminator-input forminator-name--field\" aria-required=\"true\" autocomplete=\"name\" \/><\/div><\/div><\/div><div class=\"forminator-row\"><div id=\"name-2\" class=\"forminator-field-name forminator-col forminator-col-12 \"><div class=\"forminator-field\"><label for=\"forminator-field-name-2_69dccc5ad7d72\" id=\"forminator-field-name-2_69dccc5ad7d72-label\" class=\"forminator-label\">Last Name <span class=\"forminator-required\">*<\/span><\/label><input type=\"text\" name=\"name-2\" value=\"\" placeholder=\"E.g. Smith\" id=\"forminator-field-name-2_69dccc5ad7d72\" class=\"forminator-input forminator-name--field\" aria-required=\"true\" autocomplete=\"name\" \/><\/div><\/div><\/div><div class=\"forminator-row\"><div id=\"email-1\" class=\"forminator-field-email forminator-col forminator-col-12 \"><div class=\"forminator-field\"><label for=\"forminator-field-email-1_69dccc5ad7d72\" id=\"forminator-field-email-1_69dccc5ad7d72-label\" class=\"forminator-label\">Email Address <span class=\"forminator-required\">*<\/span><\/label><input type=\"email\" name=\"email-1\" value=\"\" placeholder=\"E.g. john@doe.com\" id=\"forminator-field-email-1_69dccc5ad7d72\" class=\"forminator-input forminator-email--field\" data-required=\"true\" aria-required=\"true\" autocomplete=\"email\" \/><\/div><\/div><\/div><div class=\"forminator-row\"><div id=\"phone-1\" class=\"forminator-field-phone forminator-col forminator-col-12 \"><div class=\"forminator-field\"><label for=\"forminator-field-phone-1_69dccc5ad7d72\" id=\"forminator-field-phone-1_69dccc5ad7d72-label\" class=\"forminator-label\">Phone Number <span class=\"forminator-required\">*<\/span><\/label><input type=\"text\" name=\"phone-1\" value=\"\" placeholder=\"E.g. +1 3004005000\" id=\"forminator-field-phone-1_69dccc5ad7d72\" class=\"forminator-input forminator-field--phone\" data-required=\"1\" aria-required=\"true\" autocomplete=\"off\" \/><\/div><\/div><\/div><div class=\"forminator-row\"><div id=\"name-3\" class=\"forminator-field-name forminator-col forminator-col-12 \"><div class=\"forminator-field\"><label for=\"forminator-field-name-3_69dccc5ad7d72\" id=\"forminator-field-name-3_69dccc5ad7d72-label\" class=\"forminator-label\">Address <span class=\"forminator-required\">*<\/span><\/label><input type=\"text\" name=\"name-3\" value=\"\" placeholder=\"E.g. 123 South Avenue\" id=\"forminator-field-name-3_69dccc5ad7d72\" class=\"forminator-input forminator-name--field\" aria-required=\"true\" autocomplete=\"name\" \/><\/div><\/div><\/div><div class=\"forminator-row\"><div id=\"textarea-1\" class=\"forminator-field-textarea forminator-col forminator-col-12 \"><div class=\"forminator-field\"><label for=\"forminator-field-textarea-1_69dccc5ad7d72\" id=\"forminator-field-textarea-1_69dccc5ad7d72-label\" class=\"forminator-label\">Message<\/label><textarea name=\"textarea-1\" placeholder=\"Enter your message...\" id=\"forminator-field-textarea-1_69dccc5ad7d72\" class=\"forminator-textarea\" rows=\"6\" style=\"min-height:140px;\" maxlength=\"180\" ><\/textarea><span id=\"forminator-field-textarea-1_69dccc5ad7d72-description\" class=\"forminator-description\"><span data-limit=\"180\" data-type=\"characters\" data-editor=\"\">0 \/ 180<\/span><\/span><\/div><\/div><\/div><div class=\"forminator-row\"><div id=\"upload-1\" class=\"forminator-field-upload forminator-col forminator-col-12 \"><div class=\"forminator-field\"><label for=\"forminator-field-upload-1_69dccc5ad7d72\" id=\"forminator-field-upload-1_69dccc5ad7d72-label\" class=\"forminator-label\">Upload CV <span class=\"forminator-required\">*<\/span><\/label><div class=\"forminator-file-upload \" data-element=\"upload-1_69dccc5ad7d72\"><input type=\"file\" name=\"upload-1\" id=\"forminator-field-upload-1_69dccc5ad7d72\" class=\"forminator-input-file-required do-validate\" accept=\".webp,.doc,.pdf,.odt\" tabindex=\"-1\"><button id=\"forminator-field-upload-1_69dccc5ad7d72_button\" class=\"forminator-button forminator-button-upload\" data-id=\"forminator-field-upload-1_69dccc5ad7d72\">Choose File<\/button><span data-empty-text=\"No file chosen\">No file chosen<\/span><button class=\"forminator-button-delete\" style=\"display: none;\"><i class=\"forminator-icon-close\" aria-hidden=\"true\"><\/i><span class=\"forminator-screen-reader-only\">Delete uploaded file<\/span><\/button><\/div><\/div><\/div><\/div><input type=\"hidden\" name=\"referer_url\" value=\"\" \/><div class=\"forminator-row forminator-row-last\"><div class=\"forminator-col\"><div class=\"forminator-field\"><button class=\"forminator-button forminator-button-submit\">Submit<\/button><\/div><\/div><\/div><input type=\"hidden\" id=\"forminator_nonce\" name=\"forminator_nonce\" value=\"4e04dd5337\" \/><input type=\"hidden\" name=\"_wp_http_referer\" value=\"\/index.php\/wp-json\/wp\/v2\/pages\/278\" \/><input type=\"hidden\" name=\"form_id\" value=\"56\"><input type=\"hidden\" name=\"page_id\" value=\"278\"><input type=\"hidden\" name=\"form_type\" value=\"default\"><input type=\"hidden\" name=\"current_url\" value=\"https:\/\/tetracore-it.com\/index.php\/ingenieur-systeme-devops\/\"><input type=\"hidden\" name=\"render_id\" value=\"0\"><input type=\"hidden\" name=\"action\" value=\"forminator_submit_form_custom-forms\"><\/form><\/div>\n","protected":false},"excerpt":{"rendered":"<p>Tetracore-IT France&nbsp;recherche un&nbsp;Ing\u00e9nieur Syst\u00e8me \/ DevOps pour un de ses clients. Ta mission&nbsp; Proposer, tester et mettre en \u0153uvre des architectures techniques&nbsp;et logicielles en \u00e9troite collaboration avec les \u00e9quipes de d\u00e9veloppement ; Etre force de proposition afin d&#8217;am\u00e9liorer la qualit\u00e9 op\u00e9rationnelle, les performances et la disponibilit\u00e9 des infrastructures (scalabilit\u00e9, cloud, s\u00e9curit\u00e9, \u2026)&nbsp;; Mettre en place [&hellip;]<\/p>\n","protected":false},"author":1,"featured_media":0,"parent":0,"menu_order":0,"comment_status":"closed","ping_status":"closed","template":"","meta":{"_monsterinsights_skip_tracking":false,"_monsterinsights_sitenote_active":false,"_monsterinsights_sitenote_note":"","_monsterinsights_sitenote_category":0,"footnotes":""},"_links":{"self":[{"href":"https:\/\/tetracore-it.com\/index.php\/wp-json\/wp\/v2\/pages\/278"}],"collection":[{"href":"https:\/\/tetracore-it.com\/index.php\/wp-json\/wp\/v2\/pages"}],"about":[{"href":"https:\/\/tetracore-it.com\/index.php\/wp-json\/wp\/v2\/types\/page"}],"author":[{"embeddable":true,"href":"https:\/\/tetracore-it.com\/index.php\/wp-json\/wp\/v2\/users\/1"}],"replies":[{"embeddable":true,"href":"https:\/\/tetracore-it.com\/index.php\/wp-json\/wp\/v2\/comments?post=278"}],"version-history":[{"count":4,"href":"https:\/\/tetracore-it.com\/index.php\/wp-json\/wp\/v2\/pages\/278\/revisions"}],"predecessor-version":[{"id":285,"href":"https:\/\/tetracore-it.com\/index.php\/wp-json\/wp\/v2\/pages\/278\/revisions\/285"}],"wp:attachment":[{"href":"https:\/\/tetracore-it.com\/index.php\/wp-json\/wp\/v2\/media?parent=278"}],"curies":[{"name":"wp","href":"https:\/\/api.w.org\/{rel}","templated":true}]}}